{"id":230,"date":"2019-03-06T12:19:03","date_gmt":"2019-03-06T12:19:03","guid":{"rendered":"https:\/\/colibriwp-work.colibriwp.com\/business-ii\/?page_id=230"},"modified":"2025-09-02T07:47:47","modified_gmt":"2025-09-02T07:47:47","slug":"about","status":"publish","type":"page","link":"https:\/\/dlinmogest.es\/index.php\/about\/","title":{"rendered":"Sobre nosotros"},"content":{"rendered":"<div data-colibri-id=\"230-c1\" class=\"style-471 style-local-230-c1 position-relative\">\n  <!---->\n  <div data-colibri-component=\"section\" data-colibri-id=\"230-c88\" id=\"custom\" class=\"h-section h-section-global-spacing d-flex align-items-lg-center align-items-md-center align-items-center style-829 style-local-230-c88 position-relative\">\n    <!---->\n    <!---->\n    <div class=\"h-section-grid-container h-section-boxed-container\">\n      <!---->\n      <div data-colibri-id=\"230-c89\" class=\"h-row-container gutters-row-lg-2 gutters-row-md-2 gutters-row-0 gutters-row-v-lg-2 gutters-row-v-md-2 gutters-row-v-2 style-830 style-local-230-c89 position-relative\">\n        <!---->\n        <div class=\"h-row justify-content-lg-center justify-content-md-center justify-content-center align-items-lg-stretch align-items-md-stretch align-items-stretch gutters-col-lg-2 gutters-col-md-2 gutters-col-0 gutters-col-v-lg-2 gutters-col-v-md-2 gutters-col-v-2\">\n          <!---->\n          <div class=\"h-column h-column-container d-flex h-col-lg-auto h-col-md-auto h-col-auto style-831-outer style-local-230-c90-outer\">\n            <div data-colibri-id=\"230-c90\" class=\"d-flex h-flex-basis h-column__inner h-px-lg-2 h-px-md-2 h-px-2 v-inner-lg-2 v-inner-md-2 v-inner-2 style-831 style-local-230-c90 position-relative\">\n              <!---->\n              <!---->\n              <div class=\"w-100 h-y-container h-column__content h-column__v-align flex-basis-100 align-self-lg-start align-self-md-start align-self-start\">\n                <!---->\n                <div data-colibri-id=\"230-c91\" class=\"h-text h-text-component style-832 style-local-230-c91 position-relative h-element\">\n                  <!---->\n                  <!---->\n                  <div class=\"\">\n                    <p>Creemos que una buena gesti\u00f3n inmobiliaria va mucho m\u00e1s all\u00e1 de comprar, vender o alquilar una propiedad. Para nosotros, se trata de escuchar, entender y acompa\u00f1ar a cada cliente en una de las decisiones m\u00e1s importantes de su vida.<\/p>\n                    <p>Nuestra trayectoria en el sector inmobiliario nos ha permitido consolidar una forma de trabajar basada en la <strong>confianza, la transparencia y la cercan\u00eda<\/strong>. Sabemos que cada propiedad es \u00fanica y que detr\u00e1s de cada operaci\u00f3n\n                      hay personas con necesidades, sue\u00f1os y expectativas diferentes. Por eso, ofrecemos un servicio totalmente personalizado, adaptado a cada situaci\u00f3n.<\/p>\n                    <p>Contamos con un <strong>equipo de profesionales altamente cualificados<\/strong> en las \u00e1reas de gesti\u00f3n de inmuebles, asesoramiento legal y financiero, valoraci\u00f3n de propiedades y comercializaci\u00f3n. Nuestra experiencia, unida al uso\n                      de herramientas tecnol\u00f3gicas de \u00faltima generaci\u00f3n, nos permite dar respuesta \u00e1gil y eficiente a cualquier reto inmobiliario.<\/p>\n                    <p>Para nosotros, la compra, venta o alquiler de un inmueble no es solo una transacci\u00f3n, sino un paso importante en la vida de las personas y empresas que conf\u00edan en nosotros. Por ello, cuidamos cada detalle del proceso, asegurando siempre\n                      <strong>seguridad, claridad y resultados \u00f3ptimos<\/strong>.<\/p>\n                    <p>Nuestra misi\u00f3n es simplificar cada etapa y ofrecer la tranquilidad de saber que se est\u00e1 tomando la mejor decisi\u00f3n posible, respaldada por un equipo comprometido que trabaja cada d\u00eda con pasi\u00f3n por el sector y por las personas.<\/p>\n                    <p>Ya sea que quieras <strong>vender tu vivienda, invertir en el mercado inmobiliario o encontrar el hogar de tus sue\u00f1os<\/strong>, tendr\u00e1s un aliado de confianza dispuesto a hacer realidad tus objetivos.<\/p>\n                    <p>Porque para nosotros, tu tranquilidad y satisfacci\u00f3n son nuestra mayor recompensa.<\/p>\n                  <\/div>\n                <\/div>\n              <\/div>\n            <\/div>\n          <\/div>\n        <\/div>\n      <\/div>\n    <\/div>\n  <\/div>\n<\/div>","protected":false},"excerpt":{"rendered":"<p>Creemos que una buena gesti\u00f3n inmobiliaria va mucho m\u00e1s all\u00e1 de comprar, vender o alquilar una propiedad. Para nosotros, se trata de escuchar, entender y acompa\u00f1ar a cada cliente en una de las decisiones m\u00e1s importantes de su vida. Nuestra trayectoria en el sector inmobiliario nos ha permitido consolidar una forma de trabajar basada en [&hellip;]<\/p>\n","protected":false},"author":1,"featured_media":0,"parent":0,"menu_order":0,"comment_status":"closed","ping_status":"closed","template":"page-templates\/full-width-page.php","meta":{"footnotes":""},"class_list":["post-230","page","type-page","status-publish","hentry"],"_links":{"self":[{"href":"https:\/\/dlinmogest.es\/index.php\/wp-json\/wp\/v2\/pages\/230","targetHints":{"allow":["GET"]}}],"collection":[{"href":"https:\/\/dlinmogest.es\/index.php\/wp-json\/wp\/v2\/pages"}],"about":[{"href":"https:\/\/dlinmogest.es\/index.php\/wp-json\/wp\/v2\/types\/page"}],"author":[{"embeddable":true,"href":"https:\/\/dlinmogest.es\/index.php\/wp-json\/wp\/v2\/users\/1"}],"replies":[{"embeddable":true,"href":"https:\/\/dlinmogest.es\/index.php\/wp-json\/wp\/v2\/comments?post=230"}],"version-history":[{"count":4,"href":"https:\/\/dlinmogest.es\/index.php\/wp-json\/wp\/v2\/pages\/230\/revisions"}],"predecessor-version":[{"id":1088,"href":"https:\/\/dlinmogest.es\/index.php\/wp-json\/wp\/v2\/pages\/230\/revisions\/1088"}],"wp:attachment":[{"href":"https:\/\/dlinmogest.es\/index.php\/wp-json\/wp\/v2\/media?parent=230"}],"curies":[{"name":"wp","href":"https:\/\/api.w.org\/{rel}","templated":true}]}}